 (3/(54/6))/((-1)/(-12)). What is the highest common factor of t and b?
1
Let u be (-6)/(-3) - (-166 + -1). Let b(w) = -8*w**3 - 129*w**2 - 11*w + 93. Let o be b(-16). Calculate the highest common factor of u and o.
13
Suppose -5*s = p - 114 - 6, 0 = -3*s - 2*p + 65. Let i(f) = -43*f + 19*f + 45 + s*f. Let c be i(0). Calculate the highest common divisor of 18 and c.
9
Suppose -93*h + 16043 = -919 - 16518. Calculate the highest common factor of 280 and h.
40
Suppose -5*b + 72 = -j, 2*j - 3*b + 0*b + 130 = 0. Let i = j - -95. Calculate the greatest common factor of i and 66.
33
Let u = 841 + -637. What is the greatest common divisor of u and 588?
12
Let v be (-6*1/15)/(10/(-175)). Calculate the greatest common factor of 2681 and v.
7
Suppose t - 1720 = -4*a, 3*t + 13*a = 16*a + 5115. Calculate the highest common divisor of t and 56.
28
Let a be 7*((0 - 0) + 1). Suppose 2*k + 114*k - 11711 = -123*k. Calculate the greatest common factor of k and a.
7
Suppose 3117 = -5*o + d + 15300, 5*o - 12195 = 5*d. Calculate the greatest common divisor of o and 7.
7
Let v = 536 + -532. Let n be (12/36)/(v/24). What is the greatest common factor of n and 18?
2
Let u(t) = -9*t**2 + 28*t + 225. Let p be u(-8). Let s = 685 + p. What is the greatest common divisor of s and 20?
10
Suppose 0 = -4*r - 0*j - 4*j + 276, 2*r + 3*j = 137. Let s(t) = 386*t + 2426. Let i be s(-6). What is the highest common factor of r and i?
10
Let l(u) = -2*u**2 + 233*u - 997. Let x be l(111). What is the greatest common divisor of 992 and x?
32
Let f(b) = b**2 - 14*b - 51. Let o be ((-48)/(-5))/(15 + 1168/(-80)). Let n be f(o). What is the greatest common divisor of 84 and n?
21
Let d(m) = -m**2 + m + 1. Let p(t) = -11*t**3 + 2*t**2 - t - 2. Let o(q) = d(q) + p(q). Let x be o(-1). Calculate the greatest common factor of 319 and x.
11
Let h be 1/((-9)/2) + 214936/1206. Let m = -14 - -16. Calculate the highest common factor of m and h.
2
Let g = 40 + -32. Suppose -6*h = -g*h + 100. Suppose 6 = -x + h. What is the greatest common divisor of x and 220?
44
Suppose -15*t = -20*t - 5. Let l = 0 - t. Let a be (-4 - l)/((-15)/15). Calculate the greatest common divisor of 45 and a.
5
Suppose 18*g = 19*g - 10. Suppose -3*i + 195 = -5*n, 5*i + 3*n = g*i - 309. Suppose -5*j + 5 + 55 = 0. Calculate the greatest common factor of i and j.
12
Let w(s) = s**2 - 6*s + 3. Let o be w(-6). Suppose z = 2*y + 259, -z + 181 + 190 = 12*y. Calculate the greatest common factor of o and z.
25
Let n(t) = -t**3 + 5*t**2 - 3*t - 3. Let p be n(4). Let f be -2 + 1 + (6 - 0). Let k be 89 - p/(4 - f). What is the greatest common factor of k and 135?
45
Let k = 6 + -2. Let q be 141/12 + (-2)/(-8). Suppose 9*z = 10*z - q. Calculate the highest common divisor of k and z.
4
Let a(c) = -9*c - 697. Let h be a(-81). What is the greatest common divisor of h and 10144?
32
Suppose -22 = 2*s - 24. Let r be ((-297)/132)/(s/72). Let g = 230 + r. What is the highest common factor of g and 102?
34
Let v be 2*(-29)/(-2) + -4. Let m be 497/5 + 1 + 72/(-180). What is the greatest common factor of v and m?
25
Let s be (-6)/(-9)*(-87)/(-2). Let f be ((16434/4)/3)/((-141)/(-188)). Suppose f*d = 1827*d - 203. What is the highest common factor of s and d?
29
Let o(u) = -u**2 - 11*u + 8. Let a be o(-12). Let b be 16/a*9/(-2). Suppose -4*t + b = -3*t. Calculate the highest common divisor of t and 9.
9
Suppose -5*j + 355*v + 8072 = 353*v, 2*v + 3224 = 2*j. What is the greatest common divisor of 192 and j?
16
Suppose o - 9*g + 4*g = 411, -4*o + 1556 = 2*g. Calculate the greatest common divisor of o and 115.
23
Let d be 3 + (-382)/(-6) - (-4)/(-6). Let v = 25 - 56. Let a be (-9)/((-36)/8) - v. Calculate the greatest common divisor of d and a.
33
Suppose -2465 - 5963 + 478 = -15*x. Calculate the highest common factor of x and 3286.
106
Let a = -20 + 38. Let r be (1*-45*(3 + -4))/1. Calculate the highest common divisor of r and a.
9
Let z(a) = -2*a**3 - 48*a**2 - 6*a - 60. Let k be z(-24). Suppose 61*b - 67*b + k = 0. What is the greatest common factor of b and 406?
14
Let u(b) = 5*b**2 - 118*b + 1291. Let j be u(13). What is the greatest common divisor of j and 258?
86
Let i(q) = 44*q**3 - 261*q**2 + 7*q + 10. Let z be i(6). Calculate the greatest common divisor of 120 and z.
40
Let w(z) be the first derivative of -2*z**2 + 47*z + 23. Let t be w(11). Suppose -43 - 20 = -t*s. Calculate the highest common divisor of s and 126.
21
Let h(s) = -2*s**2 + 6*s - 125. Let r be h(-14). Let n = r + 1051. What is the greatest common factor of 18 and n?
18
Let n = -1343 - -1383. What is the greatest common factor of n and 8224?
8
Let h be 3 - (-1 + 4) - 0. Suppose 113 = 3*c - 3*a + a, 4*c - 5*a - 153 = h. Suppose -2*t + 21*t - 3515 = 0. Calculate the highest common factor of t and c.
37
Let o = 2581 + -1805. Calculate the highest common divisor of o and 485.
97
Suppose 2*w - 3 = 99. Suppose 37*f + 9537 = 48*f. What is the greatest common divisor of w and f?
51
Let c(x) = x**3 + 21*x**2 + 14*x - 36. Let y be c(-20). Let n be ((-60)/(-14))/((-3)/(-42)). What is the highest common factor of n and y?
12
Suppose -4*o + 179*q = 175*q - 976, o = 5*q + 268. Calculate the highest common factor of 10234 and o.
238
Let z = -38 + 40. Let x(g) = z*g**2 - 9 + g**2 - 5*g - g**2. Let j be x(7). Calculate the greatest common factor of j and 36.
18
Let m(i) = -374*i - 153. Let d be m(-1). What is the greatest common factor of d and 52?
13
Let c = 8518 + -8399. What is the highest common divisor of c and 5831?
119
Suppose 616 = 15*s - 674. What is the highest common divisor of 2279 and s?
43
Suppose 2*s - 219 = -s. Let y = s + 47. Let n = -1343 - -1391. What is the highest common factor of y and n?
24
Let p(b) = -3*b**2 - 43*b + 13. Suppose -39 = -6*n + 9. Let l be 456/(-32) + 2/n. Let z be p(l). What is the greatest common divisor of z and 3?
3
Let y be (23925/638)/((-6)/(-52)). Calculate the highest common divisor of y and 416.
13
Suppose 1121 = 4*u - r, 105*u - 102*u - 862 = 5*r. Let b be 3*-9*(4 + 39/(-9)). What is the highest common divisor of b and u?
9
Let x = -571 - -305. Let y = -170 - x. Suppose -2*d - y = -10*d. Calculate the highest common divisor of 108 and d.
12
Suppose 0 = -78*l + 16*l + 420174. What is the greatest common factor of l and 27?
27
Suppose -35 = -5*p - q, 7*q = 4*p + 9*q - 22. What is the greatest common divisor of p and 52?
4
Let o(s) be the third derivative of 0*s - 13*s**2 - 4/3*s**3 + 1/12*s**4 + 0. Let i be o(6). Calculate the highest common factor of i and 8.
4
Suppose 0 = -5*r - 14 + 254. Let b(w) = -w**2 + 21*w + 21. Let g be b(25). Let c = -73 - g. What is the highest common divisor of r and c?
6
Let f = 88 - 12. Suppose -243*h = -231*h - 3192. Calculate the greatest common divisor of h and f.
38
Let u(o) be the third derivative of -13*o**4/24 - 7*o**3/6 - o**2. Let t be ((-7)/28)/(2/8) - 10. Let n be u(t). What is the highest common factor of 17 and n?
17
Suppose 91*q - 179400 = -49*q + 20*q. Calculate the greatest common factor of q and 1035.
115
Let m(w) = -18*w**3 + w**2 + w. Let q be m(-1). Let x(d) = 3*d - 7 - d + 4 + 13. Let g be x(q). What is the highest common divisor of g and 69?
23
Let r be (-532)/228 - 1/(((-12)/(-277))/(-4)). Calculate the greatest common divisor of r and 1845.
45
Suppose -4 = -2*u, 0 = -h - 0*h - 4*u + 56. Let t = h - -352. Suppose -f = -5*o + t, -47 - 353 = -5*o - 2*f. What is the greatest common divisor of 32 and o?
16
Suppose 18386 = 18*z - 2908. Calculate the greatest common factor of z and 14.
7
Let r(d) = 2*d**3 - 25*d**2 + 68*d - 15. Let y be r(10). What is the highest common factor of 12045 and y?
165
Let t(m) = -1182*m**3 - m**2 + 33*m + 70. Let g be t(-2). Calculate the greatest common factor of 48 and g.
48
Let a(r) = -65*r + 1669. Let x be a(25). Suppose w - d = 39, -w - w - 4*d + 108 = 0. Calculate the highest common factor of w and x.
44
Suppose 0 = 2*l - 3*b - 403, 6*l - l - 3*b - 1030 = 0. Let a = 239 - l. Calculate the highest common divisor of 12 and a.
6
Suppose 4*a - 8*a = 0. Let s be -20 + 37 + 0 + 0 + a. What is the greatest common factor of 272 and s?
17
Let f(j) = j**2 + 42*j - 575. Let w be f(-53). Calculate the highest common divisor of w and 604.
4
Suppose 56*p + 68 = 73*p. Suppose 0 